{"id":1300,"date":"2024-05-03T11:33:40","date_gmt":"2024-05-03T09:33:40","guid":{"rendered":"https:\/\/amandinegillet82.fr\/?page_id=1300"},"modified":"2024-05-03T11:33:40","modified_gmt":"2024-05-03T09:33:40","slug":"psycho-neuro-nutrition","status":"publish","type":"page","link":"https:\/\/amandinegillet82.fr\/?page_id=1300","title":{"rendered":"Psycho-neuro-nutrition"},"content":{"rendered":"\n<p><strong><u>La psycho-neuro-nutrition<\/u><\/strong><strong><u> <\/u><\/strong>est une approche globale<em> <\/em>qui a pour objet de montrer quels liens existent entre la psychologie, la neurologie, l\u2019endocrinologie et l\u2019immunologie. C\u2019est une discipline issue des neurosciences, de la nutrition, de la psychologie et de l\u2019\u00e9tude des comportements alimentaires.<\/p>\n\n\n\n<p>Cette approche nouvelle qui permet aux praticiens de concevoir des strat\u00e9gies th\u00e9rapeutiques innovantes en s\u2019interrogeant sur comment le cerveau, le syst\u00e8me hormonal et le syst\u00e8me immunitaire \u00adinteragissent&nbsp; pour maintenir l\u2019hom\u00e9ostasie&nbsp; et sur comment r\u00e9tablir la connexion entre les syst\u00e8mes.<\/p>\n\n\n\n<p>La PNN&nbsp;&nbsp; se rapporte \u00e0 l&rsquo;ensemble des approches visant \u00e0 modifier le comportement alimentaire d&rsquo;un individu afin de l&rsquo;accompagner vers un \u00e9tat de mieux-\u00eatre.<\/p>\n\n\n\n<p>Elle vise \u00e0 optimiser les fonctions c\u00e9r\u00e9brales et les fonctions psychiques en assurant la satisfaction des besoins du cerveau et du psychisme ( besoins nutritionnels, micronutritionnels et fonctionnels).<\/p>\n\n\n\n<p>Elle s\u2019appuie \u00e0 la fois sur des concepts relevant de la psychologie et de la micronutrition. L\u2019objectif est de corriger les causes des d\u00e9s\u00e9quilibres pour retrouver un \u00e9quilibre global.<br>Elle interroge sur la connexion intestin-cerveau : Le syst\u00e8me immunitaire pourrait jouer un r\u00f4le dans l\u2019apparition de troubles de sant\u00e9 comme les allergies et la d\u00e9pression et s\u2019int\u00e9resse aux liens entre les troubles intestinaux, le stress, la d\u00e9pression (les deux affections pourraient-elles \u00eatre corr\u00e9l\u00e9es ?) TDAh, et divers autres troubles de sant\u00e9.<\/p>\n\n\n\n<p><strong><u>La PNN peut \u00eatre utilis\u00e9e pour lutter contre des d\u00e9sordres tels que :<\/u><\/strong><\/p>\n\n\n\n<p>&#8211; La baisse des facult\u00e9s physiques et intellectuelles<\/p>\n\n\n\n<p>&#8211; Le stress, le syndrome de fatigue chronique<\/p>\n\n\n\n<p>&#8211; Les difficult\u00e9s de concentration et de m\u00e9morisation<\/p>\n\n\n\n<p>&#8211; Les troubles du neurod\u00e9veloppement<\/p>\n\n\n\n<p>&#8211; la d\u00e9pression<\/p>\n\n\n\n<p>&#8211; Le manque de motivation et de confiance en soi<\/p>\n\n\n\n<p>&#8211; Les troubles de l\u2019humeur, les angoisses,<\/p>\n\n\n\n<p>&#8211; Les troubles du sommeil<\/p>\n\n\n\n<p>&#8211; Les troubles digestifs<\/p>\n\n\n\n<p>&#8211; La gestion du poids, addictions, comportements compulsifs<\/p>\n\n\n\n<p>&#8211; Les d\u00e9s\u00e9quilibres hormonaux<\/p>\n\n\n\n<p>&#8211; Les probl\u00e8mes de fertilit\u00e9<\/p>\n\n\n\n<p>&#8211; Les douleurs chroniques<strong><\/strong><\/p>\n\n\n\n<p><strong><u>Et elle permet bien s\u00fbr de booster son cerveau, son moral et son \u00e9nergie.<\/u><\/strong><\/p>\n","protected":false},"excerpt":{"rendered":"<p>La psycho-neuro-nutrition est une approche globale qui a pour objet de montrer quels liens existent entre la psychologie, la neurologie, l\u2019endocrinologie et l\u2019immunologie. C\u2019est une discipline issue des neurosciences, de la nutrition, de la psychologie et de l\u2019\u00e9tude des comportements alimentaires. Cette approche nouvelle qui permet aux praticiens de concevoir des strat\u00e9gies th\u00e9rapeutiques innovantes en [&hellip;]<\/p>\n","protected":false},"author":1,"featured_media":0,"parent":1144,"menu_order":0,"comment_status":"closed","ping_status":"closed","template":"","meta":{"footnotes":""},"class_list":["post-1300","page","type-page","status-publish","hentry"],"_links":{"self":[{"href":"https:\/\/amandinegillet82.fr\/index.php?rest_route=\/wp\/v2\/pages\/1300","targetHints":{"allow":["GET"]}}],"collection":[{"href":"https:\/\/amandinegillet82.fr\/index.php?rest_route=\/wp\/v2\/pages"}],"about":[{"href":"https:\/\/amandinegillet82.fr\/index.php?rest_route=\/wp\/v2\/types\/page"}],"author":[{"embeddable":true,"href":"https:\/\/amandinegillet82.fr\/index.php?rest_route=\/wp\/v2\/users\/1"}],"replies":[{"embeddable":true,"href":"https:\/\/amandinegillet82.fr\/index.php?rest_route=%2Fwp%2Fv2%2Fcomments&post=1300"}],"version-history":[{"count":1,"href":"https:\/\/amandinegillet82.fr\/index.php?rest_route=\/wp\/v2\/pages\/1300\/revisions"}],"predecessor-version":[{"id":1301,"href":"https:\/\/amandinegillet82.fr\/index.php?rest_route=\/wp\/v2\/pages\/1300\/revisions\/1301"}],"up":[{"embeddable":true,"href":"https:\/\/amandinegillet82.fr\/index.php?rest_route=\/wp\/v2\/pages\/1144"}],"wp:attachment":[{"href":"https:\/\/amandinegillet82.fr\/index.php?rest_route=%2Fwp%2Fv2%2Fmedia&parent=1300"}],"curies":[{"name":"wp","href":"https:\/\/api.w.org\/{rel}","templated":true}]}}