{"id":1718,"date":"2024-05-04T09:24:57","date_gmt":"2024-05-04T07:24:57","guid":{"rendered":"https:\/\/amandinegillet82.fr\/?page_id=1718"},"modified":"2024-05-04T09:24:57","modified_gmt":"2024-05-04T07:24:57","slug":"exemple-daccompagnement","status":"publish","type":"page","link":"https:\/\/amandinegillet82.fr\/?page_id=1718","title":{"rendered":"Exemple d&rsquo;accompagnement"},"content":{"rendered":"\n<p>Exemple d&rsquo;accompagnement pluridisciplinaire\u00a0:<\/p>\n\n\n\n<p>L\u2019\u00eatre humain est un tout, ses probl\u00e8mes de sant\u00e9 ont diverses origines en interaction permanente, le corps, le mental, le \u00e9motions sont \u00e0 consid\u00e9rer d\u2019un point de vue holistique pour r\u00e9tablir l\u2019hom\u00e9ostasie. Mes connaissances et comp\u00e9tences dans divers domaines li\u00e9s au bien-\u00eatre et \u00e0 la sant\u00e9 permettent d\u2019atteindre vos objectifs de mieux \u00eatre et d\u2019\u00e9panouissement global.<\/p>\n\n\n\n<p>Lorsqu\u2019une personne vient me voir, nous discutons ensemble de ses objectifs et des moyens \u00e0 disposition pour l\u2019atteindre\u00a0;\u00a0puis nous convenons d\u2019une d\u00e9marche ou d\u2019un programme et des techniques \u00e0 mettre en oeuvre selon ses besoins et ses pr\u00e9f\u00e9rences .<\/p>\n\n\n\n<p>Le suivi d\u2019une personne s\u2019envisageant de fa\u00e7on globale, la pratique d\u2019activit\u00e9s compl\u00e9mentaires est essentielle pour un suivi de qualit\u00e9 et assurer l\u2019atteinte des objectifs.<\/p>\n\n\n\n<p>Par exemple, pour une personne qui souhaite arr\u00eate de fumer, je vais utiliser des techniques de sophro-relaxation et l\u2019hypnose th\u00e9rapeutique\u00a0; et l\u2019obtention de r\u00e9sultats concrets et durables sera optimis\u00e9e par la mise en \u0153uvre en parall\u00e8le des conseils\u00a0naturopathiques\u00a0et de la psychoneuronutrition; en effet ces moyens permettent de pallier aux manques de certains neurotransmetteurs mais aussi pour g\u00e9rer la prise de poids \u00e9ventuelle li\u00e9e \u00e0 l\u2019arr\u00eat du tabac.\u00a0<\/p>\n\n\n\n<p>Dans le cadre d\u2019un projet d\u2019amincissement, ou de recherche d\u2019un poids de forme,\u00a0la prise en charge peut se faire dans un premier temps\u00a0avec\u00a0la naturopathie\u00a0et, comme il faut tenir compte de param\u00e8tres comportementaux et des facteurs psychologiques, des s\u00e9ances d\u2019hypnose et de th\u00e9rapies psychocorporelles seront propos\u00e9es afin d\u2019obtenir des r\u00e9sultats profonds et durables.<\/p>\n","protected":false},"excerpt":{"rendered":"<p>Exemple d&rsquo;accompagnement pluridisciplinaire\u00a0: L\u2019\u00eatre humain est un tout, ses probl\u00e8mes de sant\u00e9 ont diverses origines en interaction permanente, le corps, le mental, le \u00e9motions sont \u00e0 consid\u00e9rer d\u2019un point de vue holistique pour r\u00e9tablir l\u2019hom\u00e9ostasie. Mes connaissances et comp\u00e9tences dans divers domaines li\u00e9s au bien-\u00eatre et \u00e0 la sant\u00e9 permettent d\u2019atteindre vos objectifs de mieux [&hellip;]<\/p>\n","protected":false},"author":1,"featured_media":0,"parent":63,"menu_order":0,"comment_status":"closed","ping_status":"closed","template":"","meta":{"footnotes":""},"class_list":["post-1718","page","type-page","status-publish","hentry"],"_links":{"self":[{"href":"https:\/\/amandinegillet82.fr\/index.php?rest_route=\/wp\/v2\/pages\/1718","targetHints":{"allow":["GET"]}}],"collection":[{"href":"https:\/\/amandinegillet82.fr\/index.php?rest_route=\/wp\/v2\/pages"}],"about":[{"href":"https:\/\/amandinegillet82.fr\/index.php?rest_route=\/wp\/v2\/types\/page"}],"author":[{"embeddable":true,"href":"https:\/\/amandinegillet82.fr\/index.php?rest_route=\/wp\/v2\/users\/1"}],"replies":[{"embeddable":true,"href":"https:\/\/amandinegillet82.fr\/index.php?rest_route=%2Fwp%2Fv2%2Fcomments&post=1718"}],"version-history":[{"count":1,"href":"https:\/\/amandinegillet82.fr\/index.php?rest_route=\/wp\/v2\/pages\/1718\/revisions"}],"predecessor-version":[{"id":1719,"href":"https:\/\/amandinegillet82.fr\/index.php?rest_route=\/wp\/v2\/pages\/1718\/revisions\/1719"}],"up":[{"embeddable":true,"href":"https:\/\/amandinegillet82.fr\/index.php?rest_route=\/wp\/v2\/pages\/63"}],"wp:attachment":[{"href":"https:\/\/amandinegillet82.fr\/index.php?rest_route=%2Fwp%2Fv2%2Fmedia&parent=1718"}],"curies":[{"name":"wp","href":"https:\/\/api.w.org\/{rel}","templated":true}]}}